hat is s(-5)?
27
Let p(q) = -q**3 + 3*q + 5. Calculate p(4).
-47
Let j(h) = -2*h**3 + 2*h**2 - 3*h + 17. Calculate j(0).
17
Let d(y) = y**2 - 5*y - 10. Calculate d(9).
26
Let s(h) = -4*h + 3. Determine s(2).
-5
Let p(g) = 21*g + 9. Determine p(-4).
-75
Let g(c) = 5*c**2 + 6*c - 6. Calculate g(1).
5
Let y(m) = m**3 - 5*m**2 - 7*m + 11. Calculate y(5).
-24
Let u(f) = -f**3 + 12*f**2 - 10*f - 8. Give u(11).
3
Let p(r) = -17*r. What is p(-1)?
17
Let p(x) = -x**3 - 43*x**2 + 43*x - 65. What is p(-44)?
-21
Let r(d) = -98*d - 89. What is r(-1)?
9
Let f(y) = 2*y**3 - 12*y**2 - 24*y + 148. Calculate f(6).
4
Let g(t) = 2*t**3 + t**2 - 2*t - 2. Determine g(0).
-2
Let u(f) = -f**2 - 11*f - 38. What is u(-6)?
-8
Let k(d) = -4*d - 1. Calculate k(4).
-17
Let m(t) = t**3 - 4*t**2 - 9*t + 3. Give m(5).
-17
Let o(x) = 37*x - 142. Calculate o(4).
6
Let c(k) = 6*k. What is c(-6)?
-36
Let k(c) = 13*c + 5. Give k(3).
44
Let w(o) = o - 2. Determine w(1).
-1
Let w(c) = -c**2 + 16*c - 17. Calculate w(15).
-2
Let w(g) = -g**2 - 6*g + 1. Give w(-3).
10
Let n(t) = -t**2 - 14*t - 25. Calculate n(-8).
23
Let d(c) = c**2 + 18*c + 45. Give d(-16).
13
Let b(c) = -c**3 - c**2 + 6*c + 4. Give b(-3).
4
Let u(y) = 7*y + 12. Calculate u(-5).
-23
Let a(g) = g**3 - 10*g**2 + 8*g - 5. Give a(9).
-14
Let c(r) = -10*r**3 + r**2 - r - 2. Give c(-1).
10
Let m(h) = h**3 + h**2 - 12*h - 25. Give m(4).
7
Let u(h) = -h**3 + 3*h**2 - 5*h + 6. Calculate u(3).
-9
Let w(d) = -d**3 + 17*d**2 - 18*d + 8. Determine w(16).
-24
Let z(r) = r**3 - 24*r**2 + 22*r + 21. Give z(23).
-2
Let v(o) = 3*o - 56. Determine v(18).
-2
Let w(t) = 6*t**3 - t**2 + t + 1. Calculate w(1).
7
Let k(i) = -i**3 - 13*i**2 - 22*i + 2. Give k(-11).
2
Let t(f) = -8*f - 7. What is t(-3)?
17
Let n(z) = 3*z + 23. Give n(-9).
-4
Let o(s) = -s**2 + 10*s + 20. Give o(11).
9
Let d(l) = l**2 + 14*l + 19. Determine d(-12).
-5
Let u(o) = -o**2 - 40*o + 44. Calculate u(-41).
3
Let x(h) = -h**2 + 18*h - 91. Calculate x(7).
-14
Let a(y) = y**3 - 2*y**2 + 4*y + 2. Determine a(-4).
-110
Let y(g) = g**3 - 5*g**2 + 2*g + 3. Give y(4).
-5
Let o(j) = -4*j - 64. Determine o(-18).
8
Let d(o) = 29*o**2 + 3*o + 2. Determine d(-1).
28
Let i(a) = 5*a**2 + 3*a - 6. Calculate i(-3).
30
Let t(m) = -m**2 - 38*m - 140. Give t(-4).
-4
Let j(w) = w - 22. What is j(0)?
-22
Let j(u) = u**3 - 3*u**2 - 12*u + 7. Give j(5).
-3
Let y(g) = -g**2 - 4*g + 3. Calculate y(-6).
-9
Let i(v) = -v**3 + 15*v**2 - v + 13. Calculate i(15).
-2
Let a(z) = 3*z**2 - 19*z - 4. Calculate a(6).
-10
Let o(x) = x**2 + 15*x - 20. What is o(-15)?
-20
Let t(o) = -8*o + 54. Determine t(9).
-18
Let h(z) = -z**2 - 10*z - 4. Give h(-9).
5
Let t(l) = -l**2 + 10*l - 4. Give t(9).
5
Let a(o) = 5*o - 75. What is a(18)?
15
Let n(u) = 2*u**2 - 27*u + 20. Determine n(15).
65
Let x(d) = 3*d - 24. Calculate x(8).
0
Let s(q) = q - 17. Give s(14).
-3
Let c(y) = -4*y**3 + 2*y**2 - 3*y + 2. What is c(1)?
-3
Let a(y) = -5*y - 1. Calculate a(-18).
89
Let h(q) = 2*q + 6. Determine h(5).
16
Let u(q) = -q**2 + 11*q + 1. What is u(11)?
1
Let t(o) = -2*o**2 + 23*o + 37. Calculate t(13).
-2
Let b(z) = 4*z + 1. Give b(2).
9
Let f(w) = -107*w + 420. Give f(4).
-8
Let l(z) = z**2 + 22*z - 23. Calculate l(-23).
0
Let x(c) = 5*c**3 - 2*c**2 + 1. Give x(1).
4
Let n(m) = m**3 - 11*m**2 - 3*m - 2. Calculate n(9).
-191
Let y(m) = 17*m - 520. What is y(30)?
-10
Let a(u) = -3*u**2 - 2*u + 4. Give a(3).
-29
Let i(d) = 5*d - 72. What is i(16)?
8
Let s(z) = -7*z - 1. Calculate s(-1).
6
Let k(i) = 2*i - 6. What is k(-3)?
-12
Let w(s) = s**3 + 7*s**2 + 4*s - 14. Determine w(-6).
-2
Let a(q) = -q**3 - 11*q**2 + q + 11. Give a(-11).
0
Let j(z) = -z**3 + 5*z**2 - 3*z. Calculate j(3).
9
Let o(l) = -4*l - 4. Give o(5).
-24
Let b(x) = 5*x. What is b(3)?
15
Let g(h) = -12*h + 101. Calculate g(10).
-19
Let m(t) = -t**3 + 7*t**2 - 5*t + 3. Determine m(5).
28
Let t(r) = -7*r**2 + 5*r - 7. What is t(2)?
-25
Let q(k) = -k**2 + 11*k - 25. Calculate q(3).
-1
Let t(w) = 10*w + 207. Give t(-20).
7
Let c(w) = w**3 + 11*w**2 + 18*w - 5. What is c(-9)?
-5
Let d(g) = -g**2 + 8*g - 5. What is d(7)?
2
Let t(m) = 12*m + 14. Give t(3).
50
Let f(t) = t**2 - 6*t + 1. Determine f(5).
-4
Let l(v) = 9*v + 3. Calculate l(-1).
-6
Let y(x) = x**3 + 8*x**2 - 9. Determine y(-8).
-9
Let w(i) = -i**2 + 15*i - 10. Calculate w(17).
-44
Let f(i) = i**2 + i - 24. What is f(0)?
-24
Let k(u) = -2*u**2 - 5*u + 4. Calculate k(4).
-48
Let k(m) = m + 6. Determine k(-6).
0
Let k(x) = x**3 - 4*x**2 + 2*x - 4. Calculate k(3).
-7
Let i(z) = 31*z - 2. Give i(-3).
-95
Let j(h) = -h**3 + 18*h**2 + 19*h - 3. Determine j(19).
-3
Let w(n) = -n**2 - 32*n - 40. Give w(-31).
-9
Let n(g) = -g**3 + 4*g**2 + 2*g - 2. Calculate n(5).
-17
Let r(v) = 3*v**3 + 13*v**2 - 11*v - 59. Determine r(-4).
1
Let k(t) = t**2 + 18*t + 84. Determine k(-17).
67
Let j(o) = 43*o**3 + o**2 - 4*o - 4. Give j(-1).
-42
Let k(v) = -v**2 - 4*v + 50. Give k(-13).
-67
Let k(n) = n**3 + 5*n**2 - 4*n - 17. What is k(-6)?
-29
Let s(u) = -u**3 - 3*u**2 + 3*u - 5. Give s(-4).
-1
Let s(q) = q - 7. Calculate s(10).
3
Let w(y) = -16*y - 71. Determine w(-5).
9
Let x(u) = -22*u + 87. What is x(7)?
-67
Let l(a) = a**2 + 41*a - 98. Determine l(-44).
34
Let k(g) = g + 24. Calculate k(-20).
4
Let r(y) = -2*y - 36. What is r(-16)?
-4
Let p(r) = r**2 - 5*r + 5. Calculate p(3).
-1
Let j(y) = y**2 + 3*y - 10. Give j(0).
-10
Let q(m) = -m**3 + 41*m**2 - 77*m - 50. Give q(39).
-11
Let g(n) = 16*n + 1. Give g(-1).
-15
Let t(a) = -42*a**3 - a**2 + 3*a - 2. Determine t(1).
-42
Let t(q) = 15*q**2 - 10*q - 12. Give t(-1).
13
Let s(t) = -t - 34. Calculate s(-7).
-27
Let l(p) = 15*p**3 - p**2 - p. Give l(-1).
-15
Let v(i) = 2*i**2 - 17*i - 20. What is v(10)?
10
Let o(r) = -7*r - 14. What is o(-10)?
56
Let z(r) = r**3 + 4*r**2 - 3. Give z(-3).
6
Let t(r) = 2*r + 8. Give t(-3).
2
Let s(m) = -2*m - 10. Determine s(-9).
8
Let o(b) = -b**3 - 13*b**2 + b - 5. Calculate o(-13).
-18
Let c(t) = 15*t**2 + t - 1. Calculate c(-2).
57
Let w(i) = -i**3 + 7*i**2 - 6*i - 9. Calculate w(4).
15
Let m(g) = -g**2 + 12*g + 12. Give m(11).
23
Let p(g) = 9*g + 9. Determine p(-3).
-18
Let a(f) = -f**3 + f - 2. What is a(2)?
-8
Let m(c) = -2*c**3 - 2*c**2 - c + 4. Calculate m(-3).
43
Let a(q) = -q**3 - 8*q**2 + 9*q + 10. Determine a(-8).
-62
Let f(w) = 36*w + 38. Calculate f(-1).
2
Let p(i) = -37*i + 120. Determine p(3).
9
Let h(g) = -11*g - 1. Calculate h(-1).
10
Let u(g) = -7*g + 71. Give u(11).
-6
Let k(x) = 37*x**2 - x - 1. What is k(-1)?
37
Let q(t) = -t**2 - 12*t + 27. What is q(-11)?
38
Let n(z) = z**2 + z + 25. What is n(0)?
25
Let i(o) = -o**3 - 11*o**2 - 9*o + 17. Calculate i(-10).
7
Let h(k) = -k**3 - 2*k**2 + 5*k - 3. Determine h(-3).
-9
Let f(z) = -z**3 + 3*z + 2. What is f(-2)?
4
Let h(p) = -2*p - 46. What is h(-15)?
-16
Let g(w) = w. Give g(-4).
-4
Let d(o) = -o**2 + 18*o - 66. What is d(13)?
-1
Let l(x) = 3*x + 14. What is l(-5)?
-1
Let c(h) = -h**3 - 9*h**2 - 4*h + 24. Calculate c(-7).
-46
Let b(c) = -c**2 - 9*c - 19. Calculate b(-6).
-1
Let o(v) = 16*v + 42. Give o(-3).
-6
Let w(t) = -t**3 - 4*t**2 + 7*t + 23. Calculate w(-6).
53
Let d(w) = w**2 + w - 20. What is d(5)?
10
Let x(h) = -2*h**2 - 11*h + 54. Calculate x(-9).
-9
Let p(r) = 31*r - 1. Calculate p(1).
30
Let o(u) = -2*u**3 + 41*u**2 + 25*u - 50. Give o(21).
34
Let w(t) = 30*t + 146. Determine w(-5).
-4
Let k(n) = -n**3 - 9*n**2 + 9*n + 9. Calculate k(-10).
19
Let h(t) = -45*t - 41. What is h(-1)?
4
Let q(t) = t + 24. What is q(-23)?
1
Let c(f) = f**3 + 5*f**2 - 7*f - 14. Give c(-6).
-8
Let c(d) = -2*d**3 - 43*d**2 + 21*d - 20. Determine c(-22).
2
Let w(i) = i**3 - 7*i**2 - 2*i + 39. Determine w(6).
-9
Let z(w) = w - 7. What is z(4)?
-3
Let i(w) = 5*w - 15. Determine i(5).
10
Let i(q) = -8*q**2 - 137*q - 11. Determine i(-17).
6
Let d(n) = n**3 + 17*n**2 - 11. What is d(-17)?
-11
Let l(w) = -w**3 - 2*w**2 + 9*w + 15. What is l(-4)?
11
Let j(n) = -3*n - 5. Give j(-2).
1
Let b(o) = -3*o**2 + 24*o + 10. Determine b(9).
-17
Let i(y) = y**3 + 8*y**2 + 6*y - 7. Determine i(-7).
0
Let y(t) = -12*t**3 + 2*t**2 + t - 1. Give y(-1).
12
Let w(r) = -r**2 + 3*r + 29. Determine w(-4).
1
Let t(o) = -o**3 - 35*o**2 - 33*o + 57. What is t(-34)?
23
Let u(s) = -6*s**2 + 122*s - 43. What is u(20)?
-3
Let p(